alse
Is 17 a factor of 381463?
True
Is 126 a factor of 193284?
True
Is 7 a factor of 59213?
True
Does 134 divide 5379028?
True
Is 226 a factor of 100570?
True
Is 10585869 a multiple of 57?
True
Is 83280 a multiple of 120?
True
Is 717115 a multiple of 19?
False
Is 30 a factor of 216514?
False
Does 4 divide 74373?
False
Is 111 a factor of 301655?
False
Does 5 divide 130778?
False
Does 122 divide 4284?
False
Is 1076626 a multiple of 40?
False
Is 60 a factor of 1148820?
True
Is 52251 a multiple of 59?
False
Is 38 a factor of 1109935?
False
Is 66 a factor of 4457640?
True
Is 26 a factor of 37752?
True
Is 76 a factor of 66728?
True
Is 8902800 a multiple of 24?
True
Is 16 a factor of 184320?
True
Is 39 a factor of 78780?
True
Is 5 a factor of 14400?
True
Is 91 a factor of 1851651?
False
Is 124 a factor of 110520?
False
Does 60 divide 106938?
False
Is 15 a factor of 1178175?
True
Is 1229 a factor of 4713215?
True
Does 277 divide 258164?
True
Is 624 a factor of 4418835?
False
Does 9 divide 925196?
False
Does 447 divide 215454?
True
Is 1532547 a multiple of 279?
True
Is 724427 a multiple of 38?
False
Is 165 a factor of 129195?
True
Is 264624 a multiple of 298?
True
Does 1422 divide 8105201?
False
Is 10 a factor of 2572295?
False
Is 6 a factor of 363143?
False
Is 106606 a multiple of 302?
True
Is 227 a factor of 205208?
True
Is 1274979 a multiple of 339?
True
Is 500 a factor of 1146500?
True
Does 13 divide 166985?
True
Is 61 a factor of 435459?
False
Is 388170 a multiple of 9?
True
Is 23 a factor of 36823?
True
Does 205 divide 74415?
True
Is 151 a factor of 762097?
True
Is 2410600 a multiple of 34?
True
Is 16982102 a multiple of 331?
False
Is 69 a factor of 114954?
True
Is 31 a factor of 2729085?
True
Does 35 divide 4166120?
True
Does 523 divide 835031?
False
Is 160 a factor of 347776?
False
Is 488 a factor of 1185914?
False
Is 497904 a multiple of 132?
True
Is 13854 a multiple of 3?
True
Is 2563040 a multiple of 16?
True
Does 208 divide 12688?
True
Is 2030724 a multiple of 36?
True
Is 14 a factor of 268133?
False
Is 10 a factor of 1015291?
False
Is 834739 a multiple of 316?
False
Does 46 divide 705605?
False
Is 107 a factor of 368103?
False
Does 22 divide 7979642?
True
Does 6 divide 109356?
True
Is 82854 a multiple of 18?
True
Is 368832 a multiple of 51?
True
Is 81823 a multiple of 23?
False
Is 915 a factor of 996435?
True
Is 61 a factor of 6073?
False
Is 272591 a multiple of 11?
True
Is 26 a factor of 290862?
True
Is 1256523 a multiple of 189?
False
Is 26 a factor of 251420?
True
Is 112945 a multiple of 449?
False
Is 149582 a multiple of 79?
False
Is 7045909 a multiple of 253?
False
Is 641244 a multiple of 8?
False
Does 153 divide 313497?
True
Is 147 a factor of 309435?
True
Is 240 a factor of 12761760?
True
Is 14 a factor of 352792?
False
Is 54 a factor of 13442706?
True
Is 4856598 a multiple of 27?
True
Is 61 a factor of 1907165?
True
Is 64 a factor of 1343812?
False
Does 157 divide 959841?
False
Is 99 a factor of 9550235?
False
Does 150 divide 293426?
False
Does 572 divide 1168024?
True
Is 109 a factor of 466629?
True
Is 14 a factor of 155988?
True
Is 28 a factor of 468888?
True
Does 65 divide 395070?
True
Does 35 divide 3808591?
False
Does 254 divide 953337?
False
Is 1926285 a multiple of 2?
False
Is 53718 a multiple of 14?
True
Does 3 divide 825?
True
Is 51 a factor of 18918?
False
Does 79 divide 25108?
False
Is 265 a factor of 1555815?
True
Is 32 a factor of 102673?
False
Does 295 divide 46694?
False
Is 1770332 a multiple of 648?
False
Is 563808 a multiple of 112?
True
Does 12 divide 108420?
True
Is 8 a factor of 417272?
True
Does 166 divide 17928?
True
Is 252 a factor of 446188?
False
Does 18 divide 6955776?
True
Is 66 a factor of 86557?
False
Is 24 a factor of 249215?
False
Is 47 a factor of 688587?
False
Does 11 divide 20160?
False
Is 56 a factor of 823928?
True
Is 15 a factor of 94530?
True
Is 16 a factor of 26528?
True
Is 83 a factor of 113026?
False
Is 245000 a multiple of 28?
True
Does 334 divide 149966?
True
Does 455 divide 312585?
True
Is 18 a factor of 119002?
False
Does 103 divide 3123824?
False
Does 637 divide 6256655?
False
Is 169425 a multiple of 5?
True
Is 88 a factor of 2868360?
True
Does 596 divide 2871528?
True
Does 4 divide 330220?
True
Is 378820 a multiple of 10?
True
Is 78639 a multiple of 36?
False
Is 23737 a multiple of 7?
True
Is 824075 a multiple of 175?
True
Does 24 divide 11424?
True
Is 344750 a multiple of 35?
True
Is 12 a factor of 92300?
False
Is 21 a factor of 2795?
False
Is 7613 a multiple of 163?
False
Does 17 divide 874497?
True
Does 132 divide 195387?
False
Is 25 a factor of 3011500?
True
Does 12 divide 241743?
False
Is 36860 a multiple of 155?
False
Does 14 divide 1296684?
False
Is 8 a factor of 26135?
False
Is 52 a factor of 88244?
True
Is 15 a factor of 48510?
True
Is 98295 a multiple of 54?
False
Is 4 a factor of 94935?
False
Is 360140 a multiple of 44?
True
Does 116 divide 685367?
False
Is 21280 a multiple of 76?
True
Does 696 divide 25056?
True
Is 52806 a multiple of 59?
False
Is 85 a factor of 275405?
False
Does 181 divide 19005?
True
Does 95 divide 258400?
True
Is 737364 a multiple of 6?
True
Is 2457 a multiple of 9?
True
Is 23 a factor of 13923970?
True
Is 1014866 a multiple of 453?
False
Does 87 divide 9837786?
True
Is 16 a factor of 220944?
True
Is 1619487 a multiple of 66?
False
Does 608 divide 437373?
False
Does 184 divide 923312?
True
Is 11 a factor of 62040?
True
Is 102232 a multiple of 60?
False
Is 681349 a multiple of 709?
True
Does 26 divide 1966250?
True
Is 115 a factor of 256173?
False
Does 1100 divide 4156347?
False
Does 129 divide 329079?
True
Is 151 a factor of 376984?
False
Is 969850 a multiple of 326?
True
Does 15 divide 38369?
False
Does 565 divide 2097845?
True
Is 42 a factor of 7186897?
False
Is 847 a factor of 2157309?
True
Is 35 a factor of 13223288?
False
Does 24 divide 4254672?
True
Is 5 a factor of 50447?
False
Is 27 a factor of 62262?
True
Is 251619 a multiple of 302?
False
Does 145 divide 953520?
True
Is 40 a factor of 73170?
False
Is 474636 a multiple of 444?
True
Does 6 divide 486064?
False
Is 4 a factor of 1651?
False
Is 3675426 a multiple of 501?
False
Is 52 a factor of 1123232?
False
Is 9 a factor of 49857?
False
Is 90717 a multiple of 19?
False
Is 101 a factor of 522618?
False
Is 113 a factor of 102966?
False
Is 2926560 a multiple of 21?
True
Is 31380 a multiple of 4?
True
Is 29891370 a multiple of 1145?
True
Does 5 divide 2780?
True
Is 689192 a multiple of 217?
True
Is 241 a factor of 25141843?
True
Does 528 divide 1976304?
True
Is 166 a factor of 6295398?
False
Is 559967 a multiple of 8?
False
Is 2 a factor of 39030?
True
Is 852 a factor of 732720?
True
Does 10 divide 52567?
False
Is 98154 a multiple of 11?
False
Does 5 divide 224495?
True
Does 102 divide 1178508?
True
Is 338 a factor of 1349634?
True
Does 836 divide 583868?
False
Is 534 a factor of 228866?
False
Is 239 a factor of 391206?
False
Is 206308 a multiple of 29?
False
Does 13 divide 1542541?
True
Does 50 divide 766000?
True
Is 13 a factor of 80607?
False
Is 13 a factor of 41345?
False
Is 18 a factor of 1775628?
True
Is 7040132 a multiple of 43?
True
Is 12 a factor of 2088?
True
Is 1372665 a multiple of 15?
True
Does 862 divide 4428094?
True
Is 35252 a multiple of 27?
False
Does 5 divide 38460?
True
Is 4929916 a multiple of 12?
False
Does 6 divide 4792992?
True
Is 3465095 a multiple of 5?
True
Is 64 a factor of 670080?
True
Is 87411 a multiple of 20?
False
Is 755989 a multiple of 52?
False
Is 135807 a multiple of 47?
False
Does 25 divide 10543725?
True
Is 246 a factor of 72816?
True
Is 12949644 a multiple of 119?
False
Does 232 divide 175392?
True
Does 175 divide 1734535?
False
Is 21 a factor of 953102?
False
Is 1405 a factor of 3033395?
True
Is 512431 a multiple of 89?
False
Is 9 a factor of 1351998?
True
Does 247 divide 177346?
True
Does 17 divide 210984?
False
Is 19 a factor of 33607?
False
Is 12 a factor of 2243976?
True
Is 110 a factor of 163900?
True
Is 3 a factor of 96908?
False
Is 33 a factor of 4504005?
True
Is 30807 a multiple of 63?
True
Does 311 divide 99520?
True
Does 42 divide 31458?
True
Is 207 a factor of 142002?
True
Is 90 a factor of 1889340?
False
Does 12 divide 554256?
True
Does 55 div